487
What are the prime factors of 927?
3, 103
List the prime factors of 1185419.
131, 9049
List the prime factors of 112669.
307, 367
What are the prime factors of 11924761?
19, 627619
List the prime factors of 1035392.
2, 8089
What are the prime factors of 569160?
2, 3, 5, 17, 31
What are the prime factors of 11540122?
2, 11, 31, 16921
What are the prime factors of 19500179?
163, 119633
List the prime factors of 3400405.
5, 680081
What are the prime factors of 1488800?
2, 5, 1861
What are the prime factors of 3951996?
2, 3, 329333
What are the prime factors of 12252921?
3, 4084307
List the prime factors of 157878.
2, 3, 7, 179
List the prime factors of 339055.
5, 19, 43, 83
List the prime factors of 11900064.
2, 3, 11, 59, 191
What are the prime factors of 2041076?
2, 139, 3671
What are the prime factors of 1260696?
2, 3, 52529
List the prime factors of 432560.
2, 5, 5407
List the prime factors of 496671.
3, 7, 67, 353
What are the prime factors of 238477?
238477
List the prime factors of 3634891.
13, 279607
List the prime factors of 28057.
28057
What are the prime factors of 239057?
7, 13, 37, 71
List the prime factors of 202047.
3, 67349
What are the prime factors of 868514?
2, 43, 10099
List the prime factors of 205138.
2, 109, 941
What are the prime factors of 650560?
2, 5, 19, 107
What are the prime factors of 356861?
157, 2273
List the prime factors of 339595.
5, 23, 2953
What are the prime factors of 350655?
3, 5, 97, 241
What are the prime factors of 880624?
2, 23, 2393
List the prime factors of 487310.
2, 5, 48731
What are the prime factors of 261373?
7, 37339
What are the prime factors of 4171014?
2, 3, 25747
What are the prime factors of 201948?
2, 3, 16829
List the prime factors of 135662.
2, 29, 2339
List the prime factors of 1566245.
5, 313249
List the prime factors of 5160520.
2, 5, 17, 7589
List the prime factors of 3920249.
29, 135181
What are the prime factors of 1461758?
2, 730879
List the prime factors of 822362.
2, 37, 11113
What are the prime factors of 7590509?
7590509
What are the prime factors of 1904221?
11, 17, 599
What are the prime factors of 457998?
2, 3, 76333
What are the prime factors of 10074231?
3, 1119359
What are the prime factors of 117225?
3, 5, 521
What are the prime factors of 279736?
2, 73, 479
List the prime factors of 8056469.
8056469
What are the prime factors of 38524259?
43, 895913
What are the prime factors of 276336?
2, 3, 19, 101
List the prime factors of 29256096.
2, 3, 304751
List the prime factors of 890018.
2, 17, 26177
List the prime factors of 10915617.
3, 73, 49843
What are the prime factors of 356492?
2, 89123
List the prime factors of 322091.
7, 11, 47, 89
List the prime factors of 4361023.
97, 44959
List the prime factors of 1154907.
3, 13, 9871
List the prime factors of 41720584.
2, 17, 47, 61, 107
List the prime factors of 1722429.
3, 97, 1973
List the prime factors of 2283400.
2, 5, 7, 233
List the prime factors of 2382418.
2, 1191209
What are the prime factors of 312075?
3, 5, 19, 73
What are the prime factors of 3133503?
3, 421, 827
What are the prime factors of 93128?
2, 7, 1663
What are the prime factors of 796197?
3, 265399
List the prime factors of 413991.
3, 19, 269
List the prime factors of 122727.
3, 11, 3719
What are the prime factors of 12277785?
3, 5, 13, 79, 797
What are the prime factors of 2103723?
3, 233747
List the prime factors of 946111.
946111
List the prime factors of 19620695.
5, 3924139
What are the prime factors of 277438?
2, 7, 19, 149
List the prime factors of 37059909.
3, 463, 26681
What are the prime factors of 203502?
2, 3, 13, 2609
List the prime factors of 829687.
829687
What are the prime factors of 72422?
2, 7, 739
List the prime factors of 7311210.
2, 3, 5, 243707
What are the prime factors of 5100725?
5, 7, 29147
What are the prime factors of 269282?
2, 13, 10357
List the prime factors of 854997.
3, 11, 13, 1993
List the prime factors of 553129.
17, 32537
What are the prime factors of 108402?
2, 3, 7, 29, 89
List the prime factors of 2604883.
61, 42703
List the prime factors of 95831.
61, 1571
What are the prime factors of 1034165?
5, 11, 18803
List the prime factors of 17963868.
2, 3, 13, 115153
List the prime factors of 1465028.
2, 541, 677
What are the prime factors of 929238?
2, 3, 154873
What are the prime factors of 1080947?
7, 307, 503
List the prime factors of 3233444.
2, 808361
List the prime factors of 615783.
3, 7, 59, 71
List the prime factors of 136532.
2, 11, 29, 107
List the prime factors of 5444744.
2, 23, 127, 233
List the prime factors of 195393.
3, 11, 31, 191
List the prime factors of 187756.
2, 73, 643
List the prime factors of 197122.
2, 98561
List the prime factors of 221489.
221489
What are the prime factors of 7213965?
3, 5, 11, 43721
What are the prime factors of 1213173?
3, 13, 10369
List the prime factors of 8780079.
3, 7, 11, 191, 199
List the prime factors of 100878.
2, 3, 17, 23, 43
What are the prime factors of 10721481?
3, 3573827
What are the prime factors of 2227621?
11, 313, 647
What are the prime factors of 66415?
5, 37, 359
List the prime factors of 7160361.
3, 13, 29, 487
What are the prime factors of 137086?
2, 68543
List the prime factors of 27254.
2, 13627
List the prime factors of 19079710.
2, 5, 13, 146767
List the prime factors of 684042.
2, 3, 173, 659
What are the prime factors of 10228956?
2, 3, 317, 2689
What are the prime factors of 2547609?
3, 849203
What are the prime factors of 32508736?
2, 13, 41, 953
List the prime factors of 37278.
2, 3, 19, 109
What are the prime factors of 8324598?
2, 3, 1387433
What are the prime factors of 1752750?
2, 3, 5, 19, 41
List the prime factors of 1416305.
5, 11, 2341
What are the prime factors of 3320793?
3, 7, 52711
List the prime factors of 175238.
2, 7, 12517
What are the prime factors of 35981262?
2, 3, 73, 139, 197
What are the prime factors of 335946?
2, 3, 13, 59, 73
List the prime factors of 676713.
3, 191, 1181
List the prime factors of 162467.
37, 4391
List the prime factors of 15866683.
7, 29, 47, 1663
What are the prime factors of 2206578?
2, 3, 11, 67, 499
List the prime factors of 497154.
2, 3, 7, 19, 89
What are the prime factors of 13854304?
2, 563, 769
What are the prime factors of 3075881?
3075881
What are the prime factors of 466091?
466091
What are the prime factors of 739852?
2, 37, 4999
What are the prime factors of 6883393?
11, 625763
What are the prime factors of 1236861?
3, 53, 2593
List the prime factors of 23761964.
2, 151, 39341
What are the prime factors of 1734011?
1734011
List the prime factors of 1375345.
5, 41, 6709
What are the prime factors of 601313?
601313
What are the prime factors of 998651?
998651
What are the prime factors of 160195?
5, 7, 23, 199
What are the prime factors of 34427?
173, 199
What are the prime factors of 2960732?
2, 19, 163, 239
What are the prime factors of 2506969?
59, 42491
What are the prime factors of 12525698?
2, 6262849
List the prime factors of 588668.
2, 367, 401
List the prime factors of 38517.
3, 37, 347
What are the prime factors of 6135?
3, 5, 409
List the prime factors of 10654973.
7, 617, 2467
What are the prime factors of 658925?
5, 26357
What are the prime factors of 482189?
482189
List the prime factors of 8308820.
2, 5, 13, 31957
List the prime factors of 199936.
2, 11, 71
List the prime factors of 706447.
7, 43, 2347
List the prime factors of 272938.
2, 239, 571
List the prime factors of 254730.
2, 3, 5, 7, 1213
List the prime factors of 4714335.
3, 5, 47, 743
What are the prime factors of 2381821?
13, 19, 9643
List the prime factors of 2413934.
2, 43, 28069
List the prime factors of 538967.
11, 13, 3769
List the prime factors of 4706148.
2, 3, 19, 20641
What are the prime factors of 1038027?
3, 19, 18211
List the prime factors of 7239231.
3, 71, 11329
What are the prime factors of 2501234?
2, 173, 7229
List the prime factors of 47606.
2, 13, 1831
List the prime factors of 2849351.
2849351
List the prime factors of 265752.
2, 3, 3691
What are the prime factors of 2498612?
2, 79, 7907
List the prime factors of 1142595.
3, 5, 25391
List the prime factors of 2568387.
3, 23, 37223
What are the prime factors of 1453409?
41, 35449
What are the prime factors of 1454101?
11, 67, 1973
Wh